
86
Let n(u) = 48*u**2 - 30*u + 4. Give n(3).
346
Let b(t) = 56*t**3 - 2*t**2 + t - 1. What is b(1)?
54
Let s(b) = -210*b + 1010. Determine s(3).
380
Let k(p) = -17068*p - 153602. Calculate k(-9).
10
Let l(r) = r**3 - 31*r**2 - 59*r - 209. What is l(33)?
22
Let i(m) = -17*m**3 + 23*m + 21. What is i(-1)?
15
Let c(s) = s**3 - 34*s**2 - 201*s + 281. Calculate c(39).
47
Let n(w) = 3*w**3 + 92*w**2 - 12*w + 105. Calculate n(-31).
-484
Let m(q) = q**2 - 421*q - 6981. Give m(-16).
11
Let o(s) = 14*s - 460. Give o(23).
-138
Let q(d) = 830*d + 11649. What is q(-14)?
29
Let n(u) = -6*u**2 - 191*u + 966. Calculate n(5).
-139
Let l(s) = s**3 - 67*s**2 - 13*s - 3764. Determine l(68).
-24
Let p(k) = k**2 + 30*k - 142. Calculate p(4).
-6
Let r(i) = -102*i**2 - 25*i - 26. Determine r(-1).
-103
Let j(m) = m**3 - 9*m**2 - 285*m - 401. Give j(-12).
-5
Let p(o) = -103*o - 292. Give p(-4).
120
Let y(z) = z**2 - 485*z - 1482. Calculate y(-3).
-18
Let s(z) = 9*z**2 + 47*z - 160. Give s(-8).
40
Let s(i) = 298*i + 876. Calculate s(-6).
-912
Let q(r) = -r**2 + 6*r + 34. What is q(17)?
-153
Let a(l) = -4*l**3 + 28*l**2 - 27*l + 6. What is a(6)?
-12
Let y(v) = 6829*v + 47797. Give y(-7).
-6
Let l(s) = 15*s - 572. Determine l(40).
28
Let v(t) = 70*t + 1056. Determine v(-14).
76
Let z(d) = 2*d**2 + 204*d - 1735. Give z(8).
25
Let v(c) = -c**3 + 21*c**2 + 35*c + 258. Calculate v(23).
5
Let b(v) = -15*v**2 + 19*v + 29. Calculate b(6).
-397
Let d(p) = -9*p**2 - 83*p - 46. Determine d(-7).
94
Let x(d) = 12*d**2 - 1392*d - 91. Give x(116).
-91
Let u(w) = -3*w**2 + 233*w - 1035. Give u(73).
-13
Let u(q) = -q**2 - 41*q - 266. Determine u(-8).
-2
Let s(b) = b**2 + 28*b + 247. Determine s(-16).
55
Let a(k) = -3*k + 22. Determine a(-1).
25
Let p(s) = 31*s + 483. Calculate p(-16).
-13
Let z(l) = l**2 - 35*l - 897. Determine z(60).
603
Let l(o) = 11*o**2 - 167*o - 3. Calculate l(0).
-3
Let t(a) = 13*a**2 - a - 10. Give t(-2).
44
Let p(a) = a**3 + 8*a**2 + 2. Calculate p(-8).
2
Let l(m) = -m**3 - 53*m**2 + 55*m - 88. What is l(-54)?
-142
Let h(b) = -b**3 + 65*b**2 + 68*b - 99. Give h(66).
33
Let d(j) = 2*j**3 - 3*j**2 + 11*j + 4. Give d(-5).
-376
Let s(r) = 402*r + 11809. Determine s(-29).
151
Let m(a) = -5*a**2 + 738*a + 288. Determine m(148).
-8
Let g(k) = k**2 + 18*k - 22. What is g(-11)?
-99
Let l(i) = 31*i**2 + 123*i - 13. What is l(-4)?
-9
Let c(n) = -2*n**3 - 77*n**2 - 33*n - 74. Determine c(-38).
-264
Let f(v) = -35*v + 1075. Give f(45).
-500
Let n(v) = v**3 - 33*v**2 - 55*v - 193. Determine n(35).
332
Let p(d) = 89*d - 4180. Give p(47).
3
Let g(u) = -17*u - 437. Calculate g(-23).
-46
Let y(s) = 2*s**3 + 103*s**2 + 50*s - 53. Give y(-51).
-2
Let w(t) = -16*t**2 - t + 74. What is w(0)?
74
Let c(v) = 8*v**3 + 312*v**2 - 55. Determine c(-39).
-55
Let v(n) = -n - 182. What is v(34)?
-216
Let x(j) = -j**3 + 13*j**2 + 3*j + 137. Calculate x(10).
467
Let s(x) = -2*x**2 - 142*x - 2302. Give s(-46).
-2
Let p(f) = -f**3 + f**2 + 35*f + 21. Determine p(-5).
-4
Let h(f) = f**3 + 10*f**2 + 33*f + 336. Determine h(-10).
6
Let d(g) = 9*g**2 - 2*g - 1. Give d(-1).
10
Let z(c) = -18*c + 688. What is z(38)?
4
Let i(v) = 6*v**2 - 56*v - 57. Determine i(-1).
5
Let i(o) = 2*o**2 + 148*o - 1361. Calculate i(9).
133
Let m(b) = -2*b**2 - 355*b + 2542. Calculate m(7).
-41
Let b(l) = 5*l**2 - 58*l + 414. Calculate b(7).
253
Let x(y) = y**2 - 12*y + 52. Calculate x(8).
20
Let w(z) = -4*z**2 + 125*z + 9139. Determine w(66).
-35
Let t(x) = -3*x**2 - 110*x + 50. Calculate t(-38).
-102
Let l(s) = -s**3 - 2*s**2 - 83*s - 510. Calculate l(-6).
132
Let c(m) = 6*m**3 - 7*m**2 + 11*m - 13. Calculate c(2).
29
Let q(v) = 2038*v + 18340. Determine q(-9).
-2
Let s(y) = -y**3 + 4*y**2 + 34*y - 116. What is s(7)?
-25
Let i(q) = 12*q**2 - 54*q - 353. Calculate i(-6).
403
Let m(i) = -41*i - 982. Give m(-23).
-39
Let v(i) = i**2 - 137*i + 3744. Determine v(99).
-18
Let n(j) = -8*j**2 - 226*j - 67. What is n(-28)?
-11
Let u(w) = -4*w**3 + 18*w**2 + 4*w - 53. Give u(4).
-5
Let x(p) = -200*p + 408. Give x(2).
8
Let h(d) = -d**3 - 24*d**2 - 64*d - 10. Determine h(-21).
11
Let l(m) = -2*m**2 - 51*m + 1162. What is l(-40)?
2
Let k(i) = 2*i**3 + 6*i**2 + 7*i + 10. Give k(-4).
-50
Let x(p) = -p**2 - 18*p + 43. Give x(-15).
88
Let l(s) = 2*s**3 - 47*s**2 - 77*s + 41. Calculate l(25).
-9
Let w(h) = -1891*h + 3833. What is w(2)?
51
Let u(x) = 1929*x - 9547. What is u(5)?
98
Let s(f) = -2*f**3 - 169*f**2 - 76*f + 688. What is s(-84)?
16
Let m(x) = 100*x - 636. What is m(6)?
-36
Let j(g) = g**2 + 74*g + 1390. Determine j(-36).
22
Let r(n) = n**3 - 18*n**2 + 12*n + 29. Give r(17).
-56
Let d(v) = -v**3 + 52*v**2 - 48*v - 60. What is d(51)?
93
Let w(r) = 374*r + 1875. Determine w(-5).
5
Let h(x) = -x**3 + 121*x**2 - 370*x + 1888. Give h(118).
0
Let h(j) = 2*j**3 + 44*j**2 - 96*j - 2108. Determine h(-22).
4
Let i(u) = 368*u + 22022. What is i(-60)?
-58
Let l(j) = 7*j**2 - 39*j - 150. Calculate l(8).
-14
Let k(f) = 14*f + 192. Calculate k(-9).
66
Let w(j) = 148*j + 1792. Calculate w(-12).
16
Let t(q) = 424*q + 3204. Calculate t(-8).
-188
Let u(c) = -c**3 + 68*c**2 + 144*c - 291. Give u(70).
-11
Let x(v) = 5*v - 136. Determine x(-9).
-181
Let q(m) = -m**2 + 65*m + 416. Determine q(71).
-10
Let s(y) = y - 82. Calculate s(77).
-5
Let d(a) = 68*a**2 + 78*a - 3. What is d(-1)?
-13
Let r(v) = 2*v**2 + 29*v + 37. Calculate r(-11).
-40
Let a(s) = 59*s + 2534. What is a(-43)?
-3
Let c(f) = -f**2 - 111*f - 1181. What is c(-99)?
7
Let u(v) = 9*v**2 - 18*v - 32. What is u(3)?
-5
Let h(f) = 21*f + 158. Give h(-6).
32
Let o(h) = -7*h + 111. Calculate o(6).
69
Let q(n) = n**3 + 11*n**2 - 11*n + 26. Calculate q(-12).
14
Let o(r) = 2*r**2 - 17*r - 81. Calculate o(14).
73
Let p(s) = 1346*s - 78063. Calculate p(58).
5
Let u(g) = g**2 + 18*g - 48. Determine u(2).
-8
Let t(s) = -s**3 + 12*s**2 + 553*s - 334. Determine t(30).
56
Let y(k) = -4*k**2 - 84*k - 400. Calculate y(-14).
-8
Let h(f) = 2*f**2 - 158*f - 9845. Determine h(-41).
-5
Let h(r) = 10*r - 202. Calculate h(21).
8
Let r(p) = 8*p**2 - 101*p + 9. Give r(12).
-51
Let p(j) = -108*j + 203. Give p(3).
-121
Let p(z) = 2*z - 81. Determine p(7).
-67
Let k(z) = z**2 - 93*z - 3702. What is k(-30)?
-12
Let n(t) = -11*t - 258. Determine n(-25).
17
Let t(u) = -u**2 + 94*u - 907. What is t(83)?
6
Let k(h) = -104*h**3 - 42*h**2 + 46*h - 3. Calculate k(1).
-103
Let x(f) = -f**2 - 33*f + 139. Determine x(4).
-9
Let g(f) = 10*f + 37. What is g(-5)?
-13
Let k(l) = -l**3 - 32*l**2 + 31*l + 13. Determine k(-33).
79
Let i(z) = -12*z - 1367. Calculate i(-116).
25
Let w(d) = -d**2 + 2823*d - 168481. Give w(61).
1
Let k(r) = 95*r + 5858. Determine k(-62).
-32
Let s(i) = 4*i**2 + 174*i - 547. What is s(-46)?
-87
Let x(c) = 372*c + 11537. Determine x(-31).
5
Let f(i) = 255*i + 4854. Calculate f(-19).
9
Let x(d) = -2*d**2 - 4*d - 17. Give x(5).
-87
Let g(v) = -v**3 + 15*v**2 - 15*v - 121. Give g(13).
22
Let p(d) = -17*d + 539. What is p(31)?
12
Let i(t) = t**3 + 7*t**2 - 113*t + 117. Calculate i(-15).
12
Let n(i) = i**2 + 8*i - 129. Give n(9).
24
Let k(n) = -6*n**2 + 137*n + 1299. Give k(30).
9
Let p(z) = z**3 + 54*z**2 - 1293*z + 229. What is p(-72)?
13
Let b(g) = -g**3 + 12*g**2 - 11*g - 16. Calculate b(10).
74
Let z(g) = -2*g**3 - 2*g**2 + 8*g - 21. Calculate z(0).
-21
Let y(q) = -q**3 + 61*q**2 - 229*q + 21. Give y(57).
-36
Let m(z) = -19*z**2 - 884*z - 461. What is m(-46)?
-1
Let z(m) = m**2 - 56*m - 435. Give z(-7).
6
Let i(y) = -y**3 - 8*y**2 + 179*y - 1. Determine i(10).
-11
Let w(d) = -5*d - 164. Determine w(-24).
-44
Let q(k) = -9893*k + 29684. Give q(3).
5
Let r(s) = -s**3 + 431*s**2 - 463*s + 14194. Give r(430).
4
Let f(p) = -p**2 + 11*p + 32. Give f(30).
-538
Let c(q) = -3*q**2 - 422*q + 1710. Give c(4).
-26
Let a(v) = -6*v - 60. Calculate a(-16).
36
Let j(v) = -v**3 - v**2 - 50*v - 98. Determine j(-2).
6
Let b(w) = -325*w + 1954. Calculate b(6).
4
Let r(y) = 6*y**3 - 2*y**2 - 2*y - 16. Calculate r(3).
122
Let q(c) = c**3 - 37*c**2 + 152*c + 13. Calculate q(32).
-243
Let c(a) = -3*a**3 - 103*a**2 - 134*a - 67. What is c(-33)?
-1
Let w(q) = -2*q**3 - 36*q**2 + 14*q + 7. Determine w(-18).
-245
Let m(u) = -8*u**2 + 127*u - 481. What is m(7)?
16
Let j(p) = -p**3 + 41*p**2 - 82*p - 129. Determine j(39).
-285
Let 